d 24?
24
Let p(n) be the third derivative of 3*n**5/10 - n**3/6 + n**2. Let w be p(-1). Calculate the highest common divisor of w and 187.
17
Let n be ((-1)/(3/282))/(-1). Suppose -2*f + 1 = -o - 61, -2*o - n = -3*f. Suppose 3*d + 0 = f. What is the greatest common divisor of 10 and d?
10
Let a = -61 + 100. Calculate the highest common factor of a and 195.
39
Suppose 5*i - 289 - 231 = 0. Let n = i - 16. What is the highest common divisor of 8 and n?
8
Let n = 345 - 245. Suppose 5*h = -3*z + n, h - 2*z - 3*z - 20 = 0. Suppose 4*p - 10 = 3*p. What is the greatest common divisor of p and h?
10
Suppose 165 = -4*c - c. Let k = 48 + c. What is the highest common divisor of k and 75?
15
Suppose 0*c = 2*c + 12. Let k be 9/c + (-75)/(-2). Calculate the highest common factor of 9 and k.
9
Let u(q) = 21*q - 32. Let n be u(8). What is the greatest common factor of n and 17?
17
Let x(o) = 1 - 2*o - 5 - 3*o. Let v be x(-3). Suppose -164 = -4*l + 3*y, l - 52 = -0*l - 2*y. What is the greatest common divisor of l and v?
11
Suppose 2*n - 6*n = -8. Let u(z) be the third derivative of -z**5/60 - 7*z**4/24 - z**3 + z**2. Let m be u(-5). Calculate the greatest common factor of m and n.
2
Let k be (-4)/(-18) - (-16)/(-72). Suppose -4*d - d = k. Suppose 2*b - 242 = -d*b. Calculate the greatest common divisor of 11 and b.
11
Let j be (-164)/(-10) - 4/10. Let v(f) = 39*f**3 + f**2 + 3*f - 3. Suppose 4*l + 12 = 16. Let k be v(l). Calculate the highest common divisor of j and k.
8
Let h(z) = z**3 - z**2 - z - 2. Let g be h(0). Let j be (-12 - g) + 0 - 1. Let a = j - -17. Calculate the highest common factor of 66 and a.
6
Let x be 6/(-9)*15/(-2). Suppose x*g + 5 = 0, 5*g + 6 = t + 3*g. What is the highest common factor of 44 and t?
4
Suppose -c + 8 = b + 3*c, -b + 7 = 3*c. Suppose -2*a + 0*a + 88 = 0. Calculate the highest common divisor of b and a.
4
Let z(q) = -q**3 + 4*q**2 - q - 1. Let b be z(3). Let a(t) = 8*t**3 - 9*t**3 + t - 1 + 0*t. Let j be a(-2). What is the greatest common divisor of b and j?
5
Let q(k) = 2*k**3 + k. Let m be q(2). Calculate the highest common factor of m and 18.
18
Let b(c) = 21*c**3 + c**2 - 1. Let u be b(1). Calculate the highest common divisor of u and 3.
3
Let o(r) = r + 13. Let n be o(14). What is the highest common divisor of n and 54?
27
Let l(o) = 11*o**2 - 1. Suppose -3*w - 4*r - 18 = -3*r, -17 = w + 4*r. Let s = 4 + w. Let m be l(s). What is the highest common divisor of m and 10?
10
Let l be (72/15)/((-2)/(-45)). Suppose 52 = 4*g - 3*u + 7, 5*g + 2*u - 62 = 0. Calculate the greatest common divisor of g and l.
12
Let w be (3/(-6))/(3/(-24)). Calculate the highest common factor of 28 and w.
4
Let o = -3 + 85. Suppose -2*q = 3*a - 54, 5*q - a - o - 36 = 0. Let m be (1/(-2))/((-2)/q). Calculate the highest common factor of 66 and m.
6
Suppose -3*n = 27 - 75. Calculate the highest common divisor of 80 and n.
16
Let o(x) = x**3 - 8*x**2 - 6*x - 18. Let n be o(9). Calculate the greatest common factor of 99 and n.
9
Let j(u) = -2*u**2 - 26*u - 3. Let q be j(-10). What is the highest common factor of 399 and q?
57
Let p(z) = z**2 + 10*z + 9. Let k be p(-9). Suppose -3*d + 6*d - 48 = k. Calculate the highest common divisor of d and 112.
16
Suppose -4*l + 3*k = -0*l - 378, 0 = 2*l - 3*k - 186. Let a be (-3)/(-6)*24/1. Calculate the greatest common divisor of a and l.
12
Let a = 43 - 16. Let f = -7 + 10. What is the greatest common divisor of a and f?
3
Suppose 8*g - 3*g = 85. Let t(x) = -2*x**3 - 8*x**2 - x + 3. Let z be t(-6). Calculate the highest common divisor of g and z.
17
Let x be (16/24)/((-2)/519). Let t = -101 - x. Calculate the highest common factor of 8 and t.
8
Let j = 186 - 109. Suppose -t + 14 = t. Calculate the greatest common factor of j and t.
7
Let v be (-2 - 175)*(-3)/3. Let l = 813 + -356. Suppose 5*y + v = l. Calculate the greatest common factor of y and 7.
7
Suppose -3*o + 7 = 5*z, 4*o - 8 = -5*z + 2*o. Suppose -3*n - 4*m = -46, z*m = -3*n + 19 + 25. What is the highest common divisor of n and 7?
7
Let s be (-18)/4*(-9 + -27). Calculate the highest common factor of 18 and s.
18
Let t = 35 + -33. Suppose -4*c + 84 = -t*o, -4*o - 11 = -c + 17. Let i = 2 + 3. What is the greatest common divisor of c and i?
5
Suppose -230 = 11*x - 13*x. Calculate the greatest common factor of x and 23.
23
Suppose -2*z = -4*p + 52, 11 = p + z - 5. What is the greatest common factor of p and 2?
2
Suppose -21 = 4*p - p. Let z = -3 - p. Let k be 3*(-1 + (-19)/(-3)). Calculate the greatest common factor of z and k.
4
Suppose q - 3*m = -7*m + 91, 5*q + 5*m = 470. Calculate the highest common divisor of 19 and q.
19
Let i be 8/(-2 + 48/20). What is the highest common factor of i and 5?
5
Let m = 17 - 2. Let y = 26 - m. Calculate the highest common factor of 33 and y.
11
Suppose 2*y = -l + 7, -5*y + 58 = -5*l + 3. What is the highest common factor of y and 66?
6
Let x be ((-24)/5)/(2/(-5)). What is the greatest common factor of x and 96?
12
Let h be (-4)/14 + (-50)/70. Let x be 17 + h + 0 + 0. Calculate the greatest common factor of x and 8.
8
Let p(t) = -t + 4. Let c be p(-9). Let r = c + 0. Suppose -r = -m + 119. What is the highest common factor of m and 12?
12
Let x = -1 + 4. Let k be 3*1/x*66. Calculate the greatest common factor of k and 6.
6
Let v be (-3)/6*0 + -21. Let f = 141 + v. Suppose 0*h = 2*h - f. Calculate the greatest common factor of h and 12.
12
Suppose 11 = y - 2. What is the greatest common factor of y and 91?
13
Suppose -4 = -4*c + 4. Let k(i) = -i + 1. Let x be k(-1). Calculate the greatest common factor of x and c.
2
Suppose 0*h - h = -40. Let r be 3 - (4 - 8) - -1. What is the greatest common factor of h and r?
8
Let h(o) = -5*o. Suppose -10 = 5*t - 3*s, 0*t + 5*s = t + 24. Let l be h(t). Let g = l - -17. Calculate the greatest common factor of g and 6.
6
Suppose 3*l = 15, 2*f + 2*l = -l + 213. Suppose s - 168 = 2*h, -2*h + 279 - f = s. What is the greatest common factor of s and 29?
29
Let x be (-92)/(-10) - (-1 + 1/5). Calculate the highest common divisor of x and 4.
2
Suppose 0 = 2*d - 5*d + 9. Suppose -4*h = -v + 32, -2*h + 7*h + 73 = 4*v. What is the highest common divisor of v and d?
3
Let o be (-1)/(-3) + (-68)/(-3). Let u = 41 - o. Calculate the greatest common factor of 12 and u.
6
Let h(c) = -c**3 - 12*c**2 - 12*c - 18. Let k be h(-12). Let i(a) = 4*a**2 - 2*a - 2. Let j be i(-2). What is the highest common factor of k and j?
18
Suppose -3*l - 86 = -5*d, -4*l + 7*l = -6. Let y = -5 + d. Suppose 5*i - 139 + 29 = 0. Calculate the highest common factor of y and i.
11
Suppose 4*x - 358 = -134. Suppose 0 = 7*a - 3*a - x. Suppose q + q - 14 = 0. Calculate the highest common factor of q and a.
7
Let q(a) = 2*a**2 + 2 - 2 + 2. Let w be q(2). Suppose 3*s - 2*v = 40, 2*v = -2*s - v + 5. What is the highest common divisor of w and s?
10
Let u(b) = 6*b + 8. Let p be u(10). Calculate the greatest common factor of p and 34.
34
Suppose 0 = 7*m - 3*m - 128. Calculate the highest common divisor of 32 and m.
32
Let k be ((-2)/3)/((-2)/36). Let p = 418 + -370. What is the highest common factor of p and k?
12
Suppose g - 8 = -5. Let m(u) = u**3 - u**2 - u - 4. Let i be m(g). Calculate the greatest common factor of 11 and i.
11
Suppose -3*u = -41 - 67. Let m(s) = s**2 + s + 1. Let p be m(-2). Suppose 44 + 10 = p*h. What is the greatest common factor of h and u?
18
Suppose -a - 189 = -5*o + 85, 2*a + 108 = 2*o. Calculate the greatest common divisor of 11 and o.
11
Suppose 3*n = -5*i + 29, 18 = -0*i + 3*i + 2*n. Suppose -2*l + 82 = -0*l + 4*o, 0 = i*l + o - 157. What is the highest common divisor of 13 and l?
13
Let h be (12/(-18))/(1/(-6)). Calculate the greatest common divisor of h and 6.
2
Let u = 206 + -158. What is the greatest common divisor of u and 120?
24
Let m = 125 + -87. Let c = m - -10. What is the highest common factor of 12 and c?
12
Let d(v) = 2*v**2 + 13*v - 27. Let u be d(9). What is the highest common factor of u and 28?
28
Let f = -16 - -10. Let d be (-8)/f*(2 - -1). Suppose -d*y + 49 = -23. Calculate the highest common factor of y and 6.
6
Let r be -24*4/9*-6. What is the highest common factor of 16 and r?
16
Suppose -b + 60 = b. Let n(a) = a**2 - 4*a. Let r be n(6). What is the greatest common divisor of b an